 by 118?
15
What is the remainder when 30 is divided by 8?
6
Calculate the remainder when 209 is divided by 54.
47
Calculate the remainder when 210 is divided by 78.
54
What is the remainder when 701 is divided by 11?
8
Calculate the remainder when 73 is divided by 19.
16
Calculate the remainder when 47 is divided by 16.
15
Calculate the remainder when 370 is divided by 51.
13
Calculate the remainder when 84 is divided by 18.
12
Calculate the remainder when 803 is divided by 24.
11
What is the remainder when 15212 is divided by 85?
82
What is the remainder when 2692 is divided by 38?
32
Calculate the remainder when 189 is divided by 38.
37
Calculate the remainder when 509 is divided by 32.
29
What is the remainder when 305 is divided by 48?
17
Calculate the remainder when 477 is divided by 70.
57
Calculate the remainder when 3959 is divided by 305.
299
What is the remainder when 188 is divided by 30?
8
Calculate the remainder when 2412 is divided by 115.
112
Calculate the remainder when 738 is divided by 39.
36
Calculate the remainder when 130 is divided by 23.
15
What is the remainder when 757 is divided by 369?
19
What is the remainder when 363 is divided by 34?
23
Calculate the remainder when 4368 is divided by 115.
113
Calculate the remainder when 743 is divided by 316.
111
Calculate the remainder when 204 is divided by 52.
48
What is the remainder when 732 is divided by 49?
46
Calculate the remainder when 347 is divided by 33.
17
Calculate the remainder when 352 is divided by 34.
12
Calculate the remainder when 1680 is divided by 1632.
48
Calculate the remainder when 128 is divided by 44.
40
Calculate the remainder when 235 is divided by 35.
25
What is the remainder when 94 is divided by 47?
0
Calculate the remainder when 1106 is divided by 85.
1
Calculate the remainder when 3338 is divided by 5.
3
What is the remainder when 232 is divided by 13?
11
Calculate the remainder when 1295 is divided by 72.
71
What is the remainder when 1862 is divided by 69?
68
What is the remainder when 364 is divided by 161?
42
Calculate the remainder when 1031 is divided by 11.
8
What is the remainder when 186 is divided by 56?
18
Calculate the remainder when 135 is divided by 30.
15
Calculate the remainder when 109 is divided by 25.
9
Calculate the remainder when 379 is divided by 64.
59
What is the remainder when 553 is divided by 190?
173
What is the remainder when 1407 is divided by 33?
21
What is the remainder when 1358 is divided by 10?
8
Calculate the remainder when 726 is divided by 3.
0
What is the remainder when 263 is divided by 103?
57
What is the remainder when 514 is divided by 29?
21
Calculate the remainder when 27 is divided by 6.
3
What is the remainder when 173 is divided by 60?
53
What is the remainder when 259 is divided by 4?
3
Calculate the remainder when 284 is divided by 273.
11
Calculate the remainder when 632 is divided by 334.
298
Calculate the remainder when 97 is divided by 14.
13
What is the remainder when 2044 is divided by 5?
4
Calculate the remainder when 1388 is divided by 233.
223
What is the remainder when 868 is divided by 135?
58
What is the remainder when 369 is divided by 117?
18
What is the remainder when 1298 is divided by 26?
24
What is the remainder when 1585 is divided by 525?
10
Calculate the remainder when 671 is divided by 160.
31
Calculate the remainder when 59 is divided by 5.
4
Calculate the remainder when 302 is divided by 104.
94
Calculate the remainder when 100 is divided by 65.
35
Calculate the remainder when 151 is divided by 81.
70
Calculate the remainder when 519 is divided by 64.
7
What is the remainder when 277 is divided by 192?
85
Calculate the remainder when 218 is divided by 57.
47
What is the remainder when 274 is divided by 44?
10
What is the remainder when 7198 is divided by 200?
198
What is the remainder when 591 is divided by 43?
32
What is the remainder when 1079 is divided by 180?
179
Calculate the remainder when 52 is divided by 9.
7
What is the remainder when 228 is divided by 122?
106
Calculate the remainder when 161 is divided by 46.
23
Calculate the remainder when 139 is divided by 49.
41
What is the remainder when 717 is divided by 48?
45
Calculate the remainder when 222 is divided by 8.
6
What is the remainder when 264 is divided by 125?
14
Calculate the remainder when 117 is divided by 40.
37
What is the remainder when 398 is divided by 96?
14
Calculate the remainder when 299 is divided by 8.
3
What is the remainder when 1779 is divided by 197?
6
What is the remainder when 518 is divided by 167?
17
Calculate the remainder when 274 is divided by 140.
134
What is the remainder when 179 is divided by 63?
53
Calculate the remainder when 95 is divided by 24.
23
Calculate the remainder when 155 is divided by 29.
10
Calculate the remainder when 117 is divided by 20.
17
Calculate the remainder when 70 is divided by 18.
16
What is the remainder when 537 is divided by 7?
5
Calculate the remainder when 36 is divided by 19.
17
Calculate the remainder when 3221 is divided by 248.
245
Calculate the remainder when 390 is divided by 36.
30
Calculate the remainder when 100 is divided by 64.
36
Calculate the remainder when 102 is divided by 101.
1
Calculate the remainder when 36 is divided by 15.
6
What is the remainder when 425 is divided by 33?
29
Calculate the remainder when 4273 is divided by 7.
3
What is the remainder when 43 is divided by 17?
9
What is the remainder when 546 is divided by 9?
6
Calculate the remainder when 224 is divided by 27.
8
What is the remainder when 968 is divided by 56?
16
What is the remainder when 2377 is divided by 265?
257
Calculate the remainder when 189 is divided by 12.
9
Calculate the remainder when 1767 is divided by 23.
19
Calculate the remainder when 9 is divided by 5.
4
What is the remainder when 548 is divided by 202?
144
What is the remainder when 1094 is divided by 358?
20
Calculate the remainder when 96 is divided by 11.
8
What is the remainder when 6 is divided by 4?
2
Calculate the remainder when 13955 is divided by 14.
11
What is the remainder when 122 is divided by 14?
10
Calculate the remainder when 5453 is divided by 11.
8
Calculate the remainder when 463 is divided by 78.
73
What is the remainder when 76 is divided by 35?
6
Calculate the remainder when 977 is divided by 346.
285
What is the remainder when 683 is divided by 57?
56
Calculate the remainder when 133 is divided by 4.
1
What is the remainder when 1350 is divided by 52?
50
What is the remainder when 160 is divided by 6?
4
Calculate the remainder when 4156 is divided by 12.
4
Calculate the remainder when 189 is divided by 85.
19
What is the remainder when 4032 is divided by 5?
2
Calculate the remainder when 204 is divided by 22.
6
What is the remainder when 167 is divided by 67?
33
Calculate the remainder when 137 is divided by 10.
7
Calculate the remainder when 162 is divided by 38.
10
Calculate the remainder when 206 is divided by 19.
16
Calculate the remainder when 2872 is divided by 12.
4
Calculate the remainder when 6431 is divided by 201.
200
Calculate the remainder when 146 is divided by 49.
48
Calculate the remainder when 337 is divided by 159.
19
Calculate the remainder when 207 is divided by 15.
12
Calculate the remainder when 436 is divided by 73.
71
What is the remainder when 45 is divided by 37?
8
What is the remainder when 12660 is divided by 26?
24
What is the remainder when 451 is divided by 93?
79
What is the remainder when 315 is divided by 54?
45
What is the remainder when 135 is divided by 34?
33
Calculate the remainder when 143 is divided by 22.
11
Calculate the remainder when 2104 is divided by 66.
58
Calculate the remainder when 882 is divided by 868.
14
Calculate the remainder when 166 is divided by 12.
10
What is the remainder when 1507 is divided by 69?
58
Calculate the remainder when 181 is divided by 33.
16
What is the remainder when 461 is divided by 192?
77
Calculate the remainder when 274 is divided by 11.
10
What is the remainder when 1637 is divided by 63?
62
What is the remainder when 288 is divided by 151?
137
Calculate the remainder when 6792 is divided by 45.
42
Calculate the remainder when 724 is divided by 13.
9
What is the remainder when 223 i